= 143. What is the tens digit of x?
4
Let t = 13 - 11. Let n be ((-1)/2)/(t/(-4)). What is the units digit of (12 + 0 + -1)/n?
1
Let a = -94 + 433. What is the hundreds digit of a?
3
Let n(s) = 6*s**3 + 181*s**2 - 25*s + 8. What is the tens digit of n(-30)?
5
Suppose 857 = g + 3*p, 853 = g - 0*g + 5*p. What is the units digit of g?
3
Let q = 250 + 17. What is the hundreds digit of q?
2
Let k be (78/91)/((-2)/14). Let h be k/21 - (-142)/7. What is the units digit of (12/h - 1)*-15?
6
Suppose 11*d + 2*q = 15*d - 8774, 2*q = 5*d - 10970. What is the thousands digit of d?
2
Let l be -1 - -5 - 8 - -7. Suppose 3*c = 15 + l. Suppose c*k = 2*a + 2*k - 108, 4*a - 4*k = 224. What is the units digit of a?
8
Suppose 0 = -n + 5*r + 162 - 44, -5*r + 236 = 2*n. What is the units digit of n?
8
Let m(d) = -2*d + 3. Suppose 4*v + v = 0. Let f be m(v). What is the tens digit of f/6*(-4 - -32)?
1
Suppose -3*d = -2*m + 242 + 794, -m = 2*d - 532. Let i be m/(-14) + (-56)/98. Let t = 24 - i. What is the units digit of t?
2
Let c = 3142 - 2202. Suppose 0 = m - 6*m + c. Suppose 6*r - 2*r - 4*o = m, 5*r - o - 219 = 0. What is the tens digit of r?
4
Suppose i + 2 = -0*i + 2*p, -3*p = -i - 4. Suppose -4*d - 9 = 7, -3*d + 183 = 5*z. Suppose 0 = v + i*v - z. What is the tens digit of v?
1
Let i be (-11)/44 + 106/8. Let r = 1 + i. What is the units digit of (12/r)/(7/147)?
8
Suppose 255 = 4*m - 313. Let y = m - 46. What is the tens digit of y?
9
Let h be (-5)/(-10)*210/(-3). Let x = 64 + h. What is the units digit of x?
9
Let t = 0 - -3. Suppose -8*v + 640 = -t*v. Suppose 0 = u - 3*z - 67, -2*u + 6 = 5*z - v. What is the tens digit of u?
6
Suppose -s - 5 = 0, 2*v + 45 = -3*v - 3*s. Let z(g) = -9*g - 14. What is the tens digit of z(v)?
4
Suppose 27*a + 28832 - 107645 = 0. What is the thousands digit of a?
2
Let o = 19 - 23. What is the tens digit of 84 - ((-12)/(-5) - o/(-10))?
8
Let v(l) = -l**3 + l**2 + l + 1. Let w(z) = -3*z**3 + 5*z**2 + 6*z + 4. Let b(q) = 4*v(q) - w(q). Let g be ((-6)/(-8))/((-2)/8). What is the tens digit of b(g)?
2
Suppose -7*c + 13525 = -279. What is the tens digit of c?
7
Let x = 49 + -45. Suppose -2*u - x*c = -0*c - 32, c = -4. What is the tens digit of u?
2
Let l = -89 - -94. Let s(j) = 2*j**3 - 5*j**2 + 7*j - 26. What is the units digit of s(l)?
4
Let f(r) = r - 2. Let v be f(8). Suppose -26 = -2*q - v. What is the units digit of (2 - q/2) + 5?
2
Suppose 0 = -3*v - 3*y - 84, 2*v - 2*y + 34 = -30. Let z = 58 + v. What is the tens digit of z?
2
Let h = -21 - -14. What is the tens digit of 441/14*(-12)/h?
5
Let m(d) = d + 9. Let u be m(-7). Suppose -5*t = -u*v + 16, -11 = -3*v + t - 0*t. What is the tens digit of v/(-3)*44/(-4)?
1
Let r = 0 - 15. Let x = r - -22. Let m(c) = -c**3 + 8*c**2 - 4*c + 13. What is the tens digit of m(x)?
3
What is the units digit of (2/4 + 1)/((-8)/(-496))?
3
Suppose 2156 = 5*u + 2*u. Suppose -6*x + u = 38. What is the units digit of x?
5
Let v(r) = 6*r + 47*r**3 + 2*r - 7*r. What is the tens digit of v(1)?
4
Suppose -3082 = -7*a + 4786. What is the tens digit of a?
2
Let p(c) = 29*c - 10. Let l(k) = k + 1. Let m(w) = 3*l(w) + p(w). What is the units digit of m(2)?
7
Suppose 40 = -5*w + 10*w. Let m(v) = -v**2 + 8*v + 4. What is the units digit of m(w)?
4
Suppose 19 = 3*v - 20. Let k = v - -1. Suppose -11*g - 135 = -k*g. What is the tens digit of g?
4
Suppose -2*i - 1259 = -5*l, l - 1263 = -4*l + 4*i. What is the tens digit of l?
5
Let i(k) = 3*k**2 + 3*k - 8. Let b be (1 - (-1)/(-3))*216/(-24). What is the units digit of i(b)?
2
Suppose -5*n - 3*q - 341 = 15, 3*n + 5*q = -204. Let k = 30 - n. What is the tens digit of k?
0
Suppose -24*y - 9*y = -58311. What is the units digit of y?
7
Suppose -3*h - g - g - 7 = 0, 0 = h - 5*g - 26. Let c be (-4 + 6 - h)*0. Suppose -2*n - 120 = -2*v, c*v + 237 = 4*v - n. What is the tens digit of v?
5
What is the tens digit of 9/(-6)*594512/(-219)?
7
Suppose 18 = 2*s + s + p, 4*s - p - 17 = 0. Suppose -y = 4*u - 988 + 18, -s*u + 1204 = -3*y. What is the hundreds digit of u?
2
Let d = -112 + 54. Let g = 22 - d. What is the tens digit of g?
8
Let i be 2/(-10) - 140796/20. What is the hundreds digit of i/(-48) + 1/3?
1
Let l be 3/(3/(-2)) - 27. Let n = -25 - l. What is the units digit of n?
4
What is the tens digit of (-13)/(-65) - 3912/(-15)?
6
Let z be -3 - ((-12)/(-2))/((-2)/117). Suppose 11*k - 8*k - z = 0. What is the hundreds digit of k?
1
Let k = 1 - 6. Let w be 2 - 1 - 1/(1/(-8)). Let t = k + w. What is the units digit of t?
4
Suppose 2*c = -4*r + 8200, -c + 2*r - 894 + 5006 = 0. What is the tens digit of c?
0
Suppose 4*h - 3 = u + 5, 0 = -5*h - 5*u + 35. Let p be 15*(8/(-3))/(-8). Suppose 0 = p*g - 5*x - 103 - 87, -x + 94 = h*g. What is the tens digit of g?
3
Suppose 0 = -2*l - 4*g + 6, 3*l + 3*g + 2*g - 7 = 0. Let z be l - (2 + 2)*-1. Suppose z*d - 2*d = 19. What is the tens digit of d?
1
Let x = 5317 + -3054. What is the units digit of x?
3
Let x(f) = -f**3 + 9*f**2 - 16. Let h(t) = -2*t**3 + 17*t**2 + t - 32. Suppose 3*w = -2*w + 10. Let k(l) = w*h(l) - 5*x(l). What is the tens digit of k(11)?
3
Suppose -u - 3*l = -3*u - 32, -2*u - l - 32 = 0. Let q(y) = -2*y + 1. What is the tens digit of q(u)?
3
Suppose 5*t - 2*m - 3252 = 0, -3*m + 647 = 8*t - 7*t. What is the hundreds digit of t?
6
Let a(r) = -173*r - 11. What is the tens digit of a(-1)?
6
Suppose -5*g = -5*r - 9835, 1951 = g - 0*r - 5*r. What is the thousands digit of g?
1
Let p = -328 + 832. What is the units digit of p?
4
Let j be 9 - (-2 - (-2 - -1)). Suppose 2*p - z = 5 + 6, 5*p + 5*z + j = 0. Suppose 0 = -p*a + 8*a - 140. What is the units digit of a?
8
Let q = 35 - 32. Suppose -6*t = -q*t + 69. Let d = 39 + t. What is the units digit of d?
6
Let c(t) = -t**2 - 10*t + 6. Let b be c(-11). Let m = 28 + b. What is the units digit of m?
3
Let n = -201 + 1276. What is the tens digit of n?
7
Suppose 3*d + 46 = 16. Let u = 12 + d. What is the units digit of 0 + 0 + 2 + u?
4
Suppose 3*a - 586 - 1184 = 0. Suppose 11*j - 6*j - a = 0. What is the units digit of j?
8
Let u = 82 + -77. What is the units digit of u/((-20)/(-152)*8 + -1)?
5
Let w(v) = -19*v - 7. Suppose -15 = 7*i - 2*i. What is the units digit of w(i)?
0
Let c(n) = n**3 - 4*n**2 - 3*n + 0*n + 17 - 4 + n. What is the units digit of c(6)?
3
Suppose -b - 4*a + 1 = -0*b, 3 = 3*b + a. Let t = 18 - b. What is the tens digit of t?
1
Suppose -2*a = -4*r + 181 + 227, -5*a = 0. What is the tens digit of r/(-4)*(-180)/27?
7
Let v = -43 + 40. Let u(x) = -x**3 + 3*x**2 + 2*x - 3. What is the tens digit of u(v)?
4
What is the hundreds digit of (505*1/(-2))/((-63)/126)?
5
Suppose -h = 2*p - 296 - 42, 4*h + 4*p = 1352. Suppose -5*n + h = 5*t - 167, t = -4*n + 398. What is the units digit of n?
9
Let d be 8/(-12)*33/(-2). Let a(m) = m - 1 + m + d*m. What is the tens digit of a(1)?
1
Suppose n - 6 = -3*d - 3*n, -2*d - n = -4. Let f(a) = a**2 - 2*a. Let c be f(2). Suppose -d*v + c*v + 22 = 0. What is the units digit of v?
1
Let u = -60 - -63. Suppose i - 4 = 0, 8*i = u*z + 11*i - 24. What is the units digit of z?
4
Suppose -o = 3 + 8. Let t = o - -13. What is the units digit of 17*(3 - t) + -1?
6
Suppose -5*w - 5*h + 7775 = 0, -64*w - h = -62*w - 3112. What is the units digit of w?
7
Let v = -13 + 22. Suppose 0 = 5*u - 5, 3*t + t - v = 3*u. Suppose 0 = -5*g + 3*o + 29, t*g + 2*o + 2*o = 0. What is the units digit of g?
4
Suppose 4*a = 2*a - 2*j - 40, -4*a = -5*j + 98. Let s = 10 - a. Suppose 0 = 3*h + h - s. What is the units digit of h?
8
Suppose -11*c + 3*c = -2368. Suppose -c = -5*q + 44. What is the units digit of q?
8
Let w = -769 - -1460. What is the tens digit of w?
9
What is the tens digit of -4*4/8*(-487)/2?
8
Let b(c) = -2*c**2 - 15*c + 20. Let z(h) = -3*h**2 - 22*h + 30. Let r(q) = -7*b(q) + 5*z(q). Let a = 208 - 213. What is the units digit of r(a)?
0
Let q = -66 + 114. Suppose 22 = 2*c - q. What is the tens digit of c?
3
Let k(v) = 2*v**3 - 3*v**2 + 2*v - 2. Let b be k(2). Let c = -6 + b. Suppose 0 = -q, c = -d + 5*q - q + 28. What is the tens digit of d?
2
Suppose 4*d + 68 = 3*w, 4*w = -d + 6*d + 91. Let l = w + -48. What is the units digit of 505/6 + 4/l?
4
Let r(i) = -23*i + 29. Let k be r(-9). Suppose 2*l = -2*l + k. What is the tens digit of l?
5
Let n(b) = 124*b + 